-4*c**3 - 3*c**2 - 1. Let g(u) = -5*u**3 - 4*u**2 - 2. Let v(i) = f*n(i) - 3*g(i). Give v(p).
2
Suppose 2*i = -y - 1 - 5, 2*i + 22 = -5*y. Let n(k) = k**3 + 4*k**2 + k + 5. What is n(y)?
1
Let h(s) = s**3 + s**2 + s. Let n = -8 - -12. Let w = n - 2. Suppose 3 - 7 = w*a. Calculate h(a).
-6
Let p(l) be the first derivative of -l**4/4 - l**3 + l**2 - 4*l - 7. Calculate p(-4).
4
Let g(p) = -p**2 + 2*p + 3. Let j(k) = k**2 - 4. Let a be j(3). Suppose 0 = -4*i - 4. Let u = a + i. Calculate g(u).
-5
Let c = -5 - -8. Suppose 3*m = 9 + c. Let v(g) = 3*g + 2*g + g + m + g**2. Determine v(-4).
-4
Let n(z) be the second derivative of -z**6/120 + z**5/10 - 7*z**4/24 + z**3/2 + z**2 - 3*z. Let d(c) be the first derivative of n(c). Calculate d(5).
-7
Suppose 0 = -5*c + 3 + 2. Let u(p) = -p**3 + p + 0*p**3 - c + 2. Let k(f) = 6*f**3 + 4*f**2 - 11*f - 7. Let a(j) = k(j) + 5*u(j). Calculate a(-5).
3
Suppose 0 = -3*y - 7 + 19. Let u(x) = 2*x - 3. Let d be u(y). Let g = 9 - d. Let n(q) = -q**3 + 5*q**2 - 5*q - 3. Determine n(g).
-7
Let w be ((-77)/35)/(12/10) + 2. Let g(m) be the third derivative of -w*m**4 + 0 - 2/3*m**3 - 5*m**2 + 0*m - 1/120*m**6 + 1/10*m**5. Give g(5).
1
Let v(z) = 4*z**2 - z - 1. Let t(l) = l**2. Let w(u) = -5*t(u) + v(u). Let h(m) = m + 1. Let b be h(-4). Determine w(b).
-7
Let n(j) = -j - 1. Let o be n(-3). Let q(c) = -6*c - 3 - 4 - 5*c. Let d(g) = 5*g + 3. Let l(b) = 7*d(b) + 3*q(b). Give l(o).
4
Let m(c) = 0*c**3 - 3*c**2 + 12*c - 13*c + 3 - c**3. What is m(-3)?
6
Let p(f) = -f**2 - 4*f - 6. Suppose -u + 5*n - 5 = 0, 5*u = -0*u + 5*n + 15. Suppose -g + 0*i = -i + 5, -u*i + 17 = -g. Let q = g - 2. Give p(q).
-6
Let h(s) be the first derivative of s**4/4 - 2*s**3 - s**2 + 9*s - 50. Suppose -4*c + 23 = -3*d + 2*d, -8 = -c - 2*d. Give h(c).
-3
Let v(g) = -g + 6. Suppose -5*i + 40 = -0*i. Suppose -21 = -5*h + 2*o, -4*h - 3*o + i*o = -10. What is v(h)?
1
Let c(h) = -7 - h**3 + 6*h**2 - 11944*h + 11944*h. What is c(6)?
-7
Let c(m) = 5*m**2 - m**2 + 13 + 3 + 13*m. Let p(n) = 3*n**2 + 9*n + 11. Let b(d) = -5*c(d) + 7*p(d). Let w = -30 - -33. Give b(w).
0
Let p(u) = u + 2. Let r(x) = -3*x - 5. Let t(g) = 7*p(g) + 3*r(g). Calculate t(2).
-5
Let l(x) = x - 4*x**2 + 4 + x**2 + 2*x**3 - 5. Let d = -2 + 4. What is l(d)?
5
Let r(h) be the first derivative of -h**2 - 4*h - 37. What is r(-6)?
8
Suppose 0*n - 2*n = -4. Let x(f) = 3*f**n - 4 + 5*f + 1 - 2*f**2. Determine x(-5).
-3
Let w(k) = -k**2 - 5*k - 5. Let o be w(-5). Let q(u) = -3*u**2 - 9*u + 1. Let p(a) = -2*a**2 - 4*a + 1. Let n(j) = o*p(j) + 3*q(j). What is n(4)?
-14
Let v be (1 - 4)/(12/(-8)). Let n(h) = 6 - 2*h**2 - 3*h**v + 6*h + h**3 - 10. Let o be 26/6 - 3/9. What is n(o)?
4
Let g(y) = -y + 4. Let r be 12 + 1 - (0 - -1). Let b be (r/16)/((-1)/4). Calculate g(b).
7
Let l(d) be the first derivative of -d**3/3 + 7*d**2/2 - 2*d - 4. Let s be l(6). Let f(n) = 3 - s + 3*n**2 + 0*n**2. What is f(-1)?
2
Suppose 4*d - 15 = -d. Let a(w) = -2*w**3 + 2*w**2 + 4*w - 10. Let x(y) = 2 + 9 - 2*y**2 - y**2 + 3*y**3 - 5*y. Let f(o) = d*x(o) + 4*a(o). Calculate f(0).
-7
Let x(u) = 4*u**3 + 2*u**2 - 4*u. Let r(d) = -9*d**3 - 3*d**2 + 9*d - 1. Let w(g) = -2*r(g) - 5*x(g). What is w(-3)?
14
Let w = -77 + 78. Suppose -s = 4*s - 5. Let r(b) = 0 + s - b + 3*b. Give r(w).
3
Let r(j) be the third derivative of -j**4/12 + j**3/6 - 2*j**2. Determine r(-1).
3
Let h(p) be the second derivative of p**6/360 + p**5/30 - p**4/6 + p**3/3 + 2*p. Let l(t) be the second derivative of h(t). Give l(-5).
1
Let v(g) = g**2 + 8*g + 5. Let q = 17 - 10. Suppose -3*k + q*k = 5*l + 18, -l = -k + 3. Determine v(l).
-7
Let j(t) = t**3 + 5*t**2 + 2*t - 2. Suppose n = 5*d + 2 - 4, 4*n - 7 = 5*d. Suppose 16 = n*p + p. Let m = -8 + p. What is j(m)?
6
Let f(x) be the third derivative of x**5/60 - x**4/6 + 5*x**3/6 + 43*x**2. Give f(4).
5
Let q(f) = -6*f - 291*f**3 + 0*f**2 - 2 + 292*f**3 - 3 + 4*f**2. Determine q(-5).
0
Suppose -z + 3*p + 17 = -p, -19 = z + 5*p. Let f(s) = 1 + 3 - z + s. Suppose 4*t - x = -23, -3*t + 3*x - 14 = -2*t. Give f(t).
-2
Let b(f) = -2 - f + 0*f + 4*f. Suppose 0 = 2*c - 0 - 4. Give b(c).
4
Let i = -16 - -10. Let a(x) = -x**2 - 6*x - 1. Let n be a(i). Let j(t) = -6*t. Determine j(n).
6
Suppose 0 - 2 = -s. Suppose 0 = s*y - 0*y. Let b(l) = l - 10. Calculate b(y).
-10
Let t(y) = -y - 4. Let g be 140/(-34) - 64/(-544). Determine t(g).
0
Let h(m) = -3 - 1 - 3 - 3*m. What is h(-5)?
8
Suppose -3*l - 15 = 0, -l + 1 = -3*u + 12. Let p(d) = d**2 + 3*d - 1. Give p(u).
9
Let r(c) be the first derivative of -c**4/4 - 4*c**3/3 + 3*c**2/2 + 2*c + 8. Calculate r(-4).
-10
Let t(w) = -w**3 + w + 1. Let f(m) = -2*m**3 + 3*m + 3. Let b(k) = f(k) - 3*t(k). Let p be b(0). Let v(a) = 2 - 1 + 3*a**2 + a - 4*a**2. What is v(p)?
1
Let x(n) = 3*n**2 - 7*n - 5. Let k(t) = t**2 - t + 1. Suppose -2*y + 3*w = y + 9, y - 3*w = -7. Let j(v) = y*x(v) + 2*k(v). Calculate j(6).
1
Let q(t) be the second derivative of t**5/20 - 5*t**4/12 + 2*t**3/3 + 2*t**2 + 11*t. What is q(4)?
4
Suppose -3*w + 2*c = -7*w + 34, -5*w - 3*c + 41 = 0. Suppose 16*h = 21*h + w. Let i(k) = 6*k + 3. Give i(h).
-9
Suppose -k + 2*k = 0. Let i = k - -3. Suppose 4 = -4*b - 4*o, 0 = b - 4*b + i*o + 3. Let w(t) = t + 4. Determine w(b).
4
Let i(j) be the third derivative of j**6/360 - j**5/40 - j**4/8 - 7*j**2. Let y(x) be the second derivative of i(x). What is y(2)?
1
Let y(c) = c**3 - c**2 - c - 1. Let d(p) = 2*p**3 - 2*p**2 - p - 8. Let o(h) = d(h) - y(h). Suppose -3*j - 2*j - 2*f + 6 = 0, -4*j = 3*f - 9. Determine o(j).
-7
Suppose -3*v - 5*b = -3, -b - 2*b - 1 = -v. Let x(u) = 3*u - 4*u + v - 4. Let h(t) = -t**3 - 5*t**2 - 4*t + 3. Let i be h(-4). What is x(i)?
-6
Let i(x) be the second derivative of -1/2*x**3 + 0 + 7/2*x**2 - 2*x. Give i(6).
-11
Let i(m) be the second derivative of -m**3/6 - 9*m**2/2 - m. Calculate i(0).
-9
Let r(n) = 3*n**2 + 51. Let a(b) = -6*b**2 - b - 102. Let i(f) = -3*a(f) - 5*r(f). Let m(q) = 2*q**2 + 2*q + 34. Let t(s) = 5*i(s) - 7*m(s). Calculate t(0).
17
Suppose -11 = -4*l + 9. Let t(o) = -2*o**3 + o. Let r be t(-1). Let p(j) = -2 + 4 + r - 3*j + 3. Determine p(l).
-9
Let s(f) be the third derivative of -f**6/120 - f**5/15 + f**4/6 - f**3/3 - 56*f**2. Determine s(2).
-18
Let g(i) be the first derivative of -i**3/3 - 5*i**2/2 + 3*i + 14. Calculate g(-5).
3
Let s(n) = -n**3 + 22*n**2 - 20*n - 17. Let z be s(21). Let i(o) = o**3 - 5*o**2 + 5. Determine i(z).
-11
Suppose -5*a - 20 = -4*b + 5, -2*b = -10. Let g(z) = z**3 + 2*z**2 - 1. Let f be g(1). Let w(k) = 1 + k - k**f - k. Determine w(a).
0
Let r(j) = j + 1. Suppose -f - 6 = -4*f. Let o(u) = u + 3 - u**f + 0*u - 5. Let a be o(2). Determine r(a).
-3
Let i(z) = z - 4. Let o = -4 + 6. Suppose 0 = -2*u - o*u. Calculate i(u).
-4
Let l = -24 - -29. Let h(i) = -i**2 + 5*i. Determine h(l).
0
Let p(s) be the first derivative of 0*s**2 - s + 2 + 7/4*s**4 + 1/3*s**3. Suppose -2 + 1 = a. What is p(a)?
-7
Let t(v) be the second derivative of -v**3/6 - 2*v**2 + 8*v. Suppose -2*h - 11 - 1 = 0. Determine t(h).
2
Suppose -2 = -2*i + 3*u + 8, -2 = -3*i - 2*u. Let k be (-2)/(8/i)*4. Let v(f) be the first derivative of -3*f**2/2 - f - 1. Give v(k).
5
Let m(i) = -i**3 + 3*i**2 - 2*i + 6. Suppose -3*r + 0*r - 9 = 0. Let p(l) = -l**3 + 2*l**2 - 2*l + 7. Let d(x) = r*m(x) + 2*p(x). Determine d(5).
6
Let z(j) = -j - 7. Let h be (6 - 16)*(-2)/2. Let b be (-6)/(-15) + (-54)/h. Calculate z(b).
-2
Suppose -5*u - 35 = 5*g, -3*u - 59 + 20 = -3*g. Let z = u - -10. Let n(b) = b - 1. Determine n(z).
-1
Let a(w) = -w**3 + w**2 + w - 17. Suppose 7*j = 2*j. What is a(j)?
-17
Let b(r) = r**2 - 1. Let k(l) = l**3 + 2*l**2 + 2*l + 2. Let n(h) = 2*b(h) + k(h). Calculate n(-3).
3
Suppose -2*h + 1 + 9 = 5*n, n + 5 = h. Suppose -3*b + 3*d + 6 = 0, -h*d - 3 - 11 = -3*b. Let o(v) = 0 - 3*v - 3*v**2 + 0. Determine o(b).
-6
Suppose 2*n + l = -3 - 13, -3*n - 29 = -l. Let o be (1 - -1) + n/(-3). Let m(u) be the third derivative of u**4/24 - u**3 + 2*u**2. Give m(o).
-1
Let z(u) be the third derivative of -5/6*u**3 + 4*u**2 + 0 - 1/8*u**4 + 0*u. Calculate z(-5).
10
Let b = 14 + -20. Let k(s) = -s**2 - 5*s + 8. Let a be k(b). Suppose 6 = 4*i - a. Let q(w) = 3*w - 3. Calculate q(i).
3
Suppose -2*w + 4*x - 16 = 0, 3*w + 0*x = 2*x - 4. Let a(u) = 1 - 5 +